and x.
8
Suppose 39 = x + 6. Suppose 0 = 4*n - n - x. Let j = 78 + -56. Calculate the highest common factor of n and j.
11
Let n = 209 - 125. Suppose 11*p = 7*p + n. What is the greatest common factor of 21 and p?
21
Let o be 5 + -3 - (2 - 3). Suppose -2*r - 210 = -5*r + o*h, 5*r - 347 = 2*h. What is the highest common factor of r and 23?
23
Suppose -4*b - 1 = -2*c - 33, -4*c = -b + 92. Let k = c - -42. Let n(u) = -u**3 - u**2 + 2. Let x be n(0). What is the greatest common factor of k and x?
2
Let i(r) = -r + 9. Let q be i(6). What is the greatest common divisor of 21 and q?
3
Let l = 3 + -3. Let p be 1 - (l + 0 - 1). Suppose 55 = p*c - c. What is the greatest common divisor of 11 and c?
11
Suppose -2*r - r = -3*b + 534, -2*b = 4*r - 368. Let q be (60/(-9))/((-2)/6). What is the highest common divisor of q and b?
20
Suppose 0 = 4*a + 13 - 89. Suppose a + 1 = 4*l. What is the highest common factor of l and 20?
5
Let g be 0 + -2 + 10/2. Suppose -32 = g*c + 19. Let t = c + 105. Calculate the highest common factor of t and 8.
8
Suppose 5*v - 20 = 40. Suppose 8 - 56 = -2*x. Calculate the highest common factor of x and v.
12
Let r(q) = -q + 16. Let v be r(15). Calculate the highest common divisor of 3 and v.
1
Suppose -73 = 6*h - 367. Suppose u - h = -9. Calculate the highest common factor of u and 16.
8
Let s be -1 - (-45 - (2 + -4)). What is the highest common divisor of 28 and s?
14
Let y(w) = -w + 4. Let k(v) = -v + 5. Let h(q) = -3*k(q) + 4*y(q). Let f be h(-11). What is the highest common factor of f and 3?
3
Suppose 1 = -2*r + 5. Let x(t) = 5*t**r - 2*t**3 - 3 + t + 0*t**3 + 3*t**3. Let h be x(-4). Calculate the greatest common divisor of h and 1.
1
Suppose 2*q = k, -3 - 5 = 4*q - 4*k. What is the greatest common factor of q and 14?
2
Let v be (34/4)/((7/(-112))/(-1)). Calculate the highest common factor of 17 and v.
17
Let h(x) = -2*x + 2. Suppose 24 = -5*n - 4*j, -7 = 2*n + n - 5*j. Let o be h(n). Let p = -39 + 89. Calculate the greatest common factor of o and p.
10
Suppose 0 = -2*l - 2*l + 92. Calculate the greatest common factor of l and 46.
23
Suppose -3 = g - 0. Let x be (-1 + (g - -5))*13. Calculate the greatest common factor of x and 78.
13
Let i be -4 - 1 - (-8)/8. Let r be i/(-12)*(-1 - -1). Suppose 4*s - 8*s + 36 = r. What is the highest common factor of 3 and s?
3
Suppose 4*d = -4*h, 2*d + 2*h - 10 = 5*h. What is the highest common divisor of 10 and d?
2
Suppose 3*w = 0, -2*q - 4*w + 0*w = 136. Let s = q - -185. Calculate the greatest common divisor of 13 and s.
13
Suppose -3*n - 4*s = -4, 2*s + s + 10 = n. Suppose 2*g - 4*l = -110, 11 = n*l - 5. Let o = -13 - g. Calculate the greatest common factor of 51 and o.
17
Let r(v) = v**3 + v - 7. Let z be r(0). Let y = z + 9. Calculate the highest common factor of y and 4.
2
Let p be 10*(-2 - (-6)/4). Let c = -2 - p. Suppose c*r - 3 = 3. What is the highest common divisor of 18 and r?
2
Let q(l) = -7*l. Let d be q(-13). What is the greatest common factor of d and 7?
7
Suppose 2*z - 10 = 4*z, -4*z + 5 = 5*c. Let i = 13 - 8. Calculate the greatest common factor of i and c.
5
Let k = 48 - 16. Suppose 5*z + 13 - 95 = 4*o, -3*o = -4*z + 65. Let m = z - 10. What is the highest common divisor of m and k?
4
Let h(a) = -a**2 + a. Let v(g) = 5*g**2 - 5*g - 3. Let c(i) = -6*h(i) - v(i). Let l be c(0). Calculate the greatest common factor of l and 33.
3
Suppose 4*r = -0*r + 12. Let o = 8 - r. Suppose -w + 3*w - 65 = -3*d, 0 = 3*w + 3*d - 90. What is the greatest common divisor of w and o?
5
Let k(p) = 12*p**2 + 7*p + 5. Let d be k(-4). Suppose -d = -2*z - 43. Let o = 119 - z. What is the greatest common factor of 8 and o?
8
Let k(v) = 7*v**2 - 2*v. Let s be k(5). Calculate the highest common factor of 15 and s.
15
Let w = -79 + 134. Let j be (0 - -1)/(2/10). What is the highest common factor of j and w?
5
Suppose -64 = 10*h - 18*h. Calculate the greatest common factor of h and 64.
8
Let z be (4 + -3 - 0) + 3. Suppose 2*c - 15 = z*g - 99, 4*g = -3*c + 94. What is the highest common divisor of 33 and g?
11
Let t(s) = 2*s**2 - 2*s. Let n be t(4). Suppose -2 - n = -2*i. Calculate the highest common divisor of i and 130.
13
Suppose 9 = 3*n - 15. Calculate the highest common divisor of 72 and n.
8
Suppose -3*p + 30 = 2*p. Let y = -29 - -49. Let i = p + y. Calculate the greatest common factor of i and 65.
13
Let t = 2 - -3. Let s be 8/(-44) - (-92)/22. Let a = s - -26. What is the highest common factor of t and a?
5
Let n(z) = -z**3 + 6*z**2 - 4*z - 3. Let x be n(4). Let v(r) = 38*r + 5. Let m be v(4). Let h = m + -53. Calculate the highest common divisor of h and x.
13
Let j(w) = -w - 5. Let u be j(7). Let f be 3/(u/(-8)) - -70. What is the greatest common factor of 18 and f?
18
Let y(b) = b**2 - 9*b - 21. Let f be y(11). What is the greatest common factor of f and 11?
1
Suppose -5*d + d + 16 = 0. Suppose 0*j - 72 = -d*j. Calculate the greatest common factor of j and 6.
6
Suppose -5*r + 224 = -r. Let v be 2 + (-9)/((-36)/r). Calculate the greatest common divisor of 112 and v.
16
Let b be ((-4)/10)/(1/(-5)). Suppose -b*f + 6*d - 10 = 3*d, 0 = 5*f + 4*d - 21. Calculate the greatest common divisor of f and 11.
1
Suppose 0 = -d - 0*d + 10. Suppose d = -3*y + 4*y. Let b = 4 + 0. Calculate the highest common factor of y and b.
2
Let v(a) = 46*a - 93*a + 5*a - 1 - 94*a. Let j be v(-1). Calculate the greatest common divisor of j and 27.
27
Let v = 24 - -12. Calculate the highest common factor of v and 12.
12
Let p(t) = 7*t**2 + 2*t + 1. Let q be p(-2). Suppose q = 2*u + 7. What is the highest common divisor of 6 and u?
3
Let x(s) = 3*s - 34. Let o be x(19). What is the greatest common divisor of 184 and o?
23
Suppose -5*z + 59 = -2*o, -o - 4*z - 164 = 4*o. Let y = 46 + o. What is the greatest common divisor of y and 35?
7
Suppose 0*r - 5*r = -270. What is the greatest common divisor of 6 and r?
6
Let y = -23 + 53. Suppose -4*h - s = 3*s - 300, -4*s = 0. What is the highest common divisor of h and y?
15
Suppose 4*v + 2*b = 18, -5*v - b + 27 = -0*v. Calculate the greatest common divisor of 12 and v.
6
Suppose 3*v - 5*t + 150 = 5*v, -4*v + 5*t = -240. Let b = 7 - 0. Let a = 33 - b. Calculate the greatest common factor of a and v.
13
Let i(z) = -2*z. Let g = -9 + 7. Let s be i(g). Calculate the greatest common factor of 44 and s.
4
Suppose -8*o + 88 = 16. What is the highest common factor of o and 1?
1
Let o(h) = 2*h + 2. Let b be o(-4). Let r = 11 + b. Suppose r*t - 4*f = 172, -4*t + t = 4*f - 116. What is the greatest common factor of 9 and t?
9
Let k be (100/(-6))/(10/(-90)). What is the highest common divisor of 15 and k?
15
Let g be (33/12)/(1/4). What is the greatest common factor of g and 11?
11
Let d(o) = o**2 + 6. Let k be d(6). What is the greatest common factor of k and 14?
14
Let h(z) = -z - 16. Let x be h(0). Let l = -9 - x. Suppose 2*b + 10 = l*b. What is the greatest common divisor of 2 and b?
2
Suppose -5*v = s - 7, -2*s = -3*v - 0*v - 1. Calculate the greatest common divisor of 9 and v.
1
Let y(o) = 4*o + 9. Let l be y(6). Calculate the highest common factor of 297 and l.
33
Let k = 8 - 4. Suppose k*g - g - 20 = -5*r, -g + 2*r - 8 = 0. Suppose 2*d - 3*d + 1 = g. What is the greatest common factor of d and 2?
1
Let k be 14/(-21)*9/(-2). Suppose -y = -k*a + 21, 5*a + y = 28 + 15. Calculate the greatest common factor of 88 and a.
8
Let l(y) = y**2 + 5*y - 4. Let t be l(-6). Suppose p + 65 = d + t*d, -70 = -3*d + 2*p. Calculate the highest common factor of d and 10.
10
Let f(j) = -j + 19. Let v be f(13). What is the greatest common divisor of 18 and v?
6
Let v(z) = z + 11. Let b be v(-8). Let p = -4 + 6. Suppose b*t = p*t + 15. What is the highest common divisor of 3 and t?
3
Suppose 0 = -3*h + h + 26. What is the greatest common factor of 65 and h?
13
Let b(c) = c + 9. Let a be b(-6). Let r = -8 - -10. Suppose -4*d = r*h - 28, -a*d + 18 = 2*h - 4*d. What is the greatest common divisor of 15 and h?
5
Let v(p) be the first derivative of -5*p**2/2 - 5*p - 1. Suppose -5*b = -0*b + 20. Let o be v(b). Calculate the highest common factor of o and 3.
3
Let o = 2 - 0. Suppose -2*k + 3*k - 9 = o*f, 5*k + 3 = -2*f. Let l be k + (-2 - -1) - -13. What is the greatest common factor of 13 and l?
13
Suppose -3 + 